{"id":52,"date":"2018-03-23T10:16:07","date_gmt":"2018-03-23T09:16:07","guid":{"rendered":"https:\/\/zkbsportclub.ch\/vorstand\/?page_id=52"},"modified":"2018-04-20T12:12:49","modified_gmt":"2018-04-20T10:12:49","slug":"rechtliche-hinweise","status":"publish","type":"page","link":"https:\/\/zkbsportclub.ch\/vorstand\/rechtliche-hinweise\/","title":{"rendered":"Rechtliche Hinweise"},"content":{"rendered":"<h1>Rechtliche Hinweise<\/h1>\n<h3>Datenschutzerkl\u00e4rung<\/h3>\n<p>Gest\u00fctzt auf Artikel 13 der schweizerischen Bundesverfassung und die datenschutzrechtlichen Bestimmungen des Bundes (Datenschutzgesetz, DSG) hat jede Person Anspruch auf Schutz ihrer Privatsph\u00e4re sowie auf Schutz vor Missbrauch ihrer pers\u00f6nlichen Daten. Wir halten diese Bestimmungen ein. Pers\u00f6nliche Daten werden streng vertraulich behandelt und weder an Dritte verkauft noch weitergegeben.<\/p>\n<p>Beim Zugriff auf unsere Webseiten werden Daten wie IP-Adresse, Datum, Uhrzeit, Browser-Anfrage und allg. \u00fcbertragene Informationen zum Betriebssystem resp. Browser gespeichert. Diese Nutzungsdaten bilden die Basis f\u00fcr statistische, anonyme Auswertungen. Bitte beachten Sie auch die <a href=\"https:\/\/www.cyon.ch\/legal\/privacy\">Datenschutzerkl\u00e4rung <\/a>unseres Providers Cyon.<\/p>\n<p>Auf einigen Seiten wird eventuell um die Angabe pers\u00f6nlicher Informationen gebeten. Die Beantwortung dieser Fragen ist freiwillig. Daten via e-mail erreichen uns unverschl\u00fcsselt. Es ist nicht auszuschliessen, dass \u00fcbermittelte Daten von Unbefugten gelesen, bzw. ver\u00e4ndert werden.<\/p>\n<p>Ihre Daten werden ausschliesslich zur Bearbeitung Ihrer Anfragen gespeichert, eine Weitergabe an Dritte erfolgt nicht. Sie haben jederzeit die M\u00f6glichkeit mit einer eMail oder auf postalischem Wege die Nutzung Ihrer Daten zu untersagen.<\/p>\n<div class=\"row \"><div class=\"col-lg-6 col-md-12 col-xs-12 col-sm-12\"><\/p>\n<h3>Verwendung von Cookies<\/h3>\n<p>Beim Besuch dieser Webseite werden tempor\u00e4re Dateien und <a href=\"https:\/\/de.wikipedia.org\/wiki\/Cookie\">Cookies <\/a>auf Ihrem Computer gespeichert. Cookies oder \u00e4hnliche Technologien k\u00f6nnen Sie in den Browsereinstellungen blockieren. Wenn Sie dies tun, kann dies eventuell die Nutzung\u00a0dieser Webseite beeintr\u00e4chtigen. Wir empfehlen Ihnen nach Besuch unserer Webseite die gespeicherten Cookies und tempor\u00e4ren Dateien in Ihrem Browser zu l\u00f6schen.<\/p>\n<p>Weiterhin empfehlen wir Ihnen keine Formulardaten oder Passw\u00f6rter in Ihrem Browser zu speichern.<\/p>\n<p><\/div>\n<div class=\"col-lg-6 col-md-12 col-xs-12 col-sm-12\"><\/p>\n<h3>Verwendung von Google Maps<\/h3>\n<p>Unsere Webseite nutzt zur visuellen Darstellung von Kartenmaterial die &#8222;Google Maps API&#8220; des Unternehmens Google Inc. (Google). Wenn Sie eine Seite unserer Webseite aufrufen, die das Google Maps Plugin enth\u00e4lt, baut Ihr Browser eine direkte Verbindung mit den Servern von Google auf. Der Inhalt des Plugins wird von Google direkt an Ihren Browser \u00fcbermittelt und von diesem in die Webseite eingebunden. Wir haben daher keinen Einfluss auf den Umfang der Daten, die Google erhebt. Bei der Nutzung von Google Maps werden von Google auch Daten \u00fcber die Nutzung der Maps-Funktionen durch Besucher der Webseite erhoben, verarbeitet und genutzt. Die Nutzungsbedingungen f\u00fcr Google Maps finden Sie unter <a href=\"http:\/\/www.google.com\/intl\/de_de\/help\/terms_maps.html\" target=\"_blank\" rel=\"noopener\">Nutzungsbedingungen f\u00fcr Google Maps<\/a>.<\/p>\n<p><\/div>\n<\/div>\n<div class=\"row \"><div class=\"col-lg-6 col-md-12 col-xs-12 col-sm-12\"><\/p>\n<h3>Youtube<\/h3>\n<p>Unsere Webseite verwendet das YouTube-plugin des sozialen Netzwerkes YouTube, welches von der YouTube LLC mit Hauptgesch\u00e4ftssitz in 901 Cherry Avenue, San Bruno, CA 94066, USA betrieben wird (\u201cYouTube\u201d). Wenn Sie eine Seite unserer Webseite aufrufen, die ein Youtube Video enth\u00e4lt, baut Ihr Browser eine direkte Verbindung mit den Servern von YouTube auf. Der Inhalt des Plugins wird von YouTube direkt an Ihren Browser \u00fcbermittelt und von diesem in die Webseite eingebunden. Wir haben daher keinen Einfluss auf den Umfang der Daten, die YouTube erhebt. Zweck und Umfang der Datenerhebung und die weitere Verarbeitung und Nutzung der Daten durch YouTube sowie Ihre diesbez\u00fcglichen Rechte und Einstellungsm\u00f6glichkeiten zum Schutz Ihrer Privatsph\u00e4re entnehmen Sie bitte YouTubes <a href=\"https:\/\/www.youtube.com\/static?template=privacy_guidelines\" target=\"_blank\" rel=\"noopener\">Datenschutzhinweisen<\/a>.<\/p>\n<p>Wenn Sie YouTube-Mitglied sind und nicht m\u00f6chten, dass YouTube \u00fcber unsere Webseite Daten \u00fcber Sie sammelt und mit Ihren bei YouTube gespeicherten Mitgliedsdaten verkn\u00fcpft, m\u00fcssen Sie sich vor Ihrem Besuch unserer Webseite bei YouTube ausloggen.<\/p>\n<p>Weitere Informationen zu den\u00a0Datenschutzrichtlinien von Google finden Sie unter:\u00a0<a href=\"https:\/\/www.google.com\/intl\/de\/policies\/privacy\/\" target=\"_blank\" rel=\"noopener\">https:\/\/www.google.com\/intl\/de\/policies\/privacy\/<\/a>.<\/p>\n<p><\/div>\n<div class=\"col-lg-6 col-md-12 col-xs-12 col-sm-12\"><\/p>\n<p><\/div>\n<\/div>\n<p>&nbsp;<\/p>\n","protected":false},"excerpt":{"rendered":"<p>Rechtliche Hinweise Datenschutzerkl\u00e4rung Gest\u00fctzt auf Artikel 13 der schweizerischen Bundesverfassung und die datenschutzrechtlichen Bestimmungen des Bundes (Datenschutzgesetz, DSG) hat jede Person Anspruch auf Schutz ihrer Privatsph\u00e4re sowie auf Schutz vor Missbrauch ihrer pers\u00f6nlichen Daten. Wir halten diese Bestimmungen ein. Pers\u00f6nliche Daten werden streng vertraulich behandelt und weder an Dritte verkauft noch weitergegeben. Beim Zugriff auf [&hellip;]<\/p>\n","protected":false},"author":27,"featured_media":13,"parent":0,"menu_order":0,"comment_status":"closed","ping_status":"closed","template":"homepage.php","meta":{"footnotes":""},"class_list":["post-52","page","type-page","status-publish","has-post-thumbnail","hentry"],"_links":{"self":[{"href":"https:\/\/zkbsportclub.ch\/vorstand\/wp-json\/wp\/v2\/pages\/52","targetHints":{"allow":["GET"]}}],"collection":[{"href":"https:\/\/zkbsportclub.ch\/vorstand\/wp-json\/wp\/v2\/pages"}],"about":[{"href":"https:\/\/zkbsportclub.ch\/vorstand\/wp-json\/wp\/v2\/types\/page"}],"author":[{"embeddable":true,"href":"https:\/\/zkbsportclub.ch\/vorstand\/wp-json\/wp\/v2\/users\/27"}],"replies":[{"embeddable":true,"href":"https:\/\/zkbsportclub.ch\/vorstand\/wp-json\/wp\/v2\/comments?post=52"}],"version-history":[{"count":7,"href":"https:\/\/zkbsportclub.ch\/vorstand\/wp-json\/wp\/v2\/pages\/52\/revisions"}],"predecessor-version":[{"id":93,"href":"https:\/\/zkbsportclub.ch\/vorstand\/wp-json\/wp\/v2\/pages\/52\/revisions\/93"}],"wp:featuredmedia":[{"embeddable":true,"href":"https:\/\/zkbsportclub.ch\/vorstand\/wp-json\/wp\/v2\/media\/13"}],"wp:attachment":[{"href":"https:\/\/zkbsportclub.ch\/vorstand\/wp-json\/wp\/v2\/media?parent=52"}],"curies":[{"name":"wp","href":"https:\/\/api.w.org\/{rel}","templated":true}]}}