{"id":174,"date":"2015-01-28T13:39:47","date_gmt":"2015-01-28T13:39:47","guid":{"rendered":"https:\/\/zkbsportclub.ch\/squash\/?page_id=174"},"modified":"2025-05-12T21:37:06","modified_gmt":"2025-05-12T19:37:06","slug":"club-meisterschaft","status":"publish","type":"page","link":"https:\/\/zkbsportclub.ch\/squash\/spielbetrieb\/club-meisterschaft\/","title":{"rendered":"Clubmeisterschaft"},"content":{"rendered":"\n<p><\/p>\n\n\n\n<figure class=\"wp-block-table\"><table><tbody><tr><td><strong>Jahr<\/strong><\/td><td><strong>Meister<\/strong><\/td><\/tr><tr><td>2011<\/td><td>Gregor Sch\u00e4ppi<\/td><\/tr><tr><td>2012<\/td><td>Simon Rissler<\/td><\/tr><tr><td>2013<\/td><td>Gregor Sch\u00e4ppi<\/td><\/tr><tr><td>2014<\/td><td>Simon Rissler<\/td><\/tr><tr><td>2015<\/td><td>Luciano Giancola<\/td><\/tr><tr><td>2016<\/td><td>Luciano Giancola<\/td><\/tr><tr><td>2017<\/td><td>Gregor Sch\u00e4ppi<\/td><\/tr><tr><td>2018<\/td><td>Simon Leu, geb. Rissler<\/td><\/tr><tr><td>2019<\/td><td>Simon Leu<\/td><\/tr><tr><td>2020<\/td><td>Simon Leu<\/td><\/tr><tr><td>2021<\/td><td>Johny Lippuner<\/td><\/tr><tr><td>2022<\/td><td>Johny Lippuner<\/td><\/tr><tr><td>2023<\/td><td>Johny Lippuner<\/td><\/tr><tr><td>2024<\/td><td>Johny Lippuner<\/td><\/tr><tr><td>2025<\/td><td>Johny Lippuner<\/td><\/tr><\/tbody><\/table><figcaption class=\"wp-element-caption\"><strong>Liste der bisherigen Squashclubmeister<\/strong><\/figcaption><\/figure>\n\n\n\n<p><\/p>\n\n\n\n<p>Die Resultate der letzten Meisterschaft findet ihr hier: <a href=\"https:\/\/zkbsportclub.ch\/squash\/wp-content\/uploads\/sites\/28\/2025\/05\/ZKBSquashClubMeisterschaft2025.pdf\">ResultateClubMeisterschaft<\/a><\/p>\n\n\n\n<p><\/p>\n","protected":false},"excerpt":{"rendered":"<p>Jahr Meister 2011 Gregor Sch\u00e4ppi 2012 Simon Rissler 2013 Gregor Sch\u00e4ppi 2014 Simon Rissler 2015 Luciano Giancola 2016 Luciano Giancola 2017 Gregor Sch\u00e4ppi 2018 Simon Leu, geb. Rissler 2019 Simon Leu 2020 Simon Leu 2021 Johny Lippuner 2022 Johny Lippuner 2023 Johny Lippuner 2024 Johny Lippuner 2025 Johny Lippuner Liste der bisherigen Squashclubmeister Die Resultate [&hellip;]<\/p>\n","protected":false},"author":1,"featured_media":0,"parent":171,"menu_order":0,"comment_status":"closed","ping_status":"closed","template":"sektion.php","meta":{"footnotes":""},"class_list":["post-174","page","type-page","status-publish","hentry"],"_links":{"self":[{"href":"https:\/\/zkbsportclub.ch\/squash\/wp-json\/wp\/v2\/pages\/174","targetHints":{"allow":["GET"]}}],"collection":[{"href":"https:\/\/zkbsportclub.ch\/squash\/wp-json\/wp\/v2\/pages"}],"about":[{"href":"https:\/\/zkbsportclub.ch\/squash\/wp-json\/wp\/v2\/types\/page"}],"author":[{"embeddable":true,"href":"https:\/\/zkbsportclub.ch\/squash\/wp-json\/wp\/v2\/users\/1"}],"replies":[{"embeddable":true,"href":"https:\/\/zkbsportclub.ch\/squash\/wp-json\/wp\/v2\/comments?post=174"}],"version-history":[{"count":34,"href":"https:\/\/zkbsportclub.ch\/squash\/wp-json\/wp\/v2\/pages\/174\/revisions"}],"predecessor-version":[{"id":573,"href":"https:\/\/zkbsportclub.ch\/squash\/wp-json\/wp\/v2\/pages\/174\/revisions\/573"}],"up":[{"embeddable":true,"href":"https:\/\/zkbsportclub.ch\/squash\/wp-json\/wp\/v2\/pages\/171"}],"wp:attachment":[{"href":"https:\/\/zkbsportclub.ch\/squash\/wp-json\/wp\/v2\/media?parent=174"}],"curies":[{"name":"wp","href":"https:\/\/api.w.org\/{rel}","templated":true}]}}