{"id":160,"date":"2014-06-04T14:05:08","date_gmt":"2014-06-04T14:05:08","guid":{"rendered":"https:\/\/zkbsportclub.ch\/sportundfreizeitwinterthur\/?page_id=160"},"modified":"2018-10-12T10:00:14","modified_gmt":"2018-10-12T08:00:14","slug":"statuten","status":"publish","type":"page","link":"https:\/\/zkbsportclub.ch\/sportundfreizeitwinterthur\/statuten\/","title":{"rendered":"Statuten"},"content":{"rendered":"<h2>I. Name, Sitz und Zweck<\/h2>\n<p><u>Art. 1<\/u><\/p>\n<p>Unter dem Namen &#8222;Sport- und Freizeitclub Winterthur, eine Sektion des Sportclubs Z\u00fcrcher Kantonalbank&#8220; (nachstehend Club ge\u00adnannt) besteht in Winterthur eine selbst\u00e4ndige Sektion des Sportclubs der Z\u00fcrcher Kantonalbank mit Sitz bei der Z\u00fcrcher Kantonalbank, Bahnhofstrasse 9, 8001 Z\u00fcrich.<\/p>\n<p><u>Art. 2<\/u><\/p>\n<p>Der Club bezweckt die Pflege und F\u00f6rderung der sportlichen Bet\u00e4tigung unter ihren Mitgliedern.<\/p>\n<p><u><b>II. Mitgliedschaft<\/b><\/u><\/p>\n<p><u>Art. 3<\/u><\/p>\n<p>Der Club besteht aus:<\/p>\n<ul>\n<li>Aktivmitglieder<\/li>\n<li>Passivmitglieder<\/li>\n<li>Ehrenmitglieder<\/li>\n<\/ul>\n<p>Personen, die sich in hervorragender Weise um den Club verdient gemacht haben, k\u00f6nnen auf Vorschlag des Vorstands von der Generalversammlung zu Ehrenmitglie\u00addern ernannt werden.<br \/>\n<u>Art. 4<\/u><br \/>\nMitglieder des Clubs k\u00f6nnen in der Regel nur Personen werden, die in einem Dienstverh\u00e4ltnis zur Z\u00fcrcher Kantonalbank stehen sowie Pensionierte der Z\u00fcrcher Kantonalbank. Es steht dem Vorstand frei, Aussenstehende, das heisst, solche die nicht im Arbeitsverh\u00e4ltnis mit der Z\u00fcrcher Kantonalbank stehen, nach sorgf\u00e4ltiger Abkl\u00e4rung in den Club aufzunehmen. \u00dcber die definitive Aufnahme entscheidet die Generalversammlung.<\/p>\n<p><u>Art. 5<\/u><\/p>\n<p>Der Austritt aus dem Club kann jederzeit auf Ende eines Kalenderjahres durch schriftliche Mittei\u00adlung an den Pr\u00e4sidenten erfolgen.<br \/>\n<u>Art. 6<\/u><br \/>\nMitglieder, die ihre Verpflichtungen gegen\u00fcber dem Club nicht erf\u00fcllen, dem Club Schaden zuf\u00fc\u00adgen oder deren Verhalten zu Klagen Anlass geben, k\u00f6nnen durch den Beschluss des Vorstan\u00addes ausgeschlossen werden. Den Betroffenen steht der Re\u00adkursweg an die n\u00e4chste Generalver\u00adsammlung offen, welche mit einfachem Mehr \u00fcber den Beschluss des Vorstandes entscheidet.<\/p>\n<p><u>Art. 7<\/u><\/p>\n<p>Ausgetretene oder ausgeschlossene Mitglieder verlieren jeden Anspruch an das Clubverm\u00f6\u00adgen, bleiben aber zur Bezahlung des laufenden Jahresbeitrages verpflich\u00adtet.<\/p>\n<p><u><b>III. Rechte und Pflichten der Mitglieder<\/b><\/u><\/p>\n<p><u>Art. 8<\/u><\/p>\n<p>Die Aktiv-, Passiv- und Ehrenmitglieder sind an der Generalversammlung stimm- und wahlberechtigt.<\/p>\n<p>Die Mitglieder nehmen an der Generalversammlung teil oder entschuldigen sich (Unentschuldigtes Fernbleiben wird geb\u00fcsst).<\/p>\n<p><u>Art. 9<\/u><\/p>\n<p>Jedes Mitglied hat das Recht, Antr\u00e4ge an die Generalversammlung zur richten und Abstimmung dar\u00fcber zu verlangen. Antr\u00e4ge sind mindestens zehn Tage vorher schriftlich dem Pr\u00e4sidenten einzureichen.<\/p>\n<p><u>Art. 10<\/u><\/p>\n<p>Die Aktiv- und Passivmitglieder haben die von der Generalversammlung allj\u00e4hrlich festgelegten Beitr\u00e4ge zu entrichten. Der Vorstand ist erm\u00e4chtigt, in Sonderf\u00e4llen die Beitr\u00e4ge teilweise oder ganz zu erlassen. Einstweilen werden folgende j\u00e4hrliche Maximalbeitr\u00e4ge festgelegt: CHF 50.- f\u00fcr Aktiv- und CHF 40.- f\u00fcr Passivmitglieder. Ehrenmitglieder sind beitragsfrei.<\/p>\n<p><u>Art. 11<\/u><\/p>\n<p>Jedes Mitglied anerkennt durch seinen Beitritt zum Club dessen Statuten durch Unterschrift auf der Beitrittserkl\u00e4rung.<\/p>\n<p><u><b>IV. Organisation<\/b><\/u><\/p>\n<p><u>Art. 12<\/u><\/p>\n<p>Die Organe des Clubs sind:<\/p>\n<ol type=\"a\">\n<li>die Generalversammlung<\/li>\n<li>der Vorstand<\/li>\n<li>die Rechnungsrevisoren<\/li>\n<\/ol>\n<p><u>a) Generalversammlung<\/u><\/p>\n<p><u>Art. 13<\/u><\/p>\n<p>Oberstes Organ des Clubs ist die Generalversammlung, die j\u00e4hrlich zur Erledigung folgender Gesch\u00e4fte stattfindet:<\/p>\n<p>1. Abnahme des Protokolls der letzten Versammlung<\/p>\n<p>2. Abnahme des Jahresberichtes des Pr\u00e4sidenten<\/p>\n<p>3. Abnahme der Jahresrechnung<\/p>\n<p>4. Wahl des Vorstandes und der Rechnungsrevisoren<\/p>\n<p>5. Genehmigung des Budgets und Festsetzung der Mitgliederbeitr\u00e4ge<\/p>\n<p>6. Vorstellung des Jahresprogrammes<\/p>\n<p>7. Erledigung von Antr\u00e4gen<\/p>\n<p>8. Verschiedenes<\/p>\n<p><u>Art. 14<\/u><\/p>\n<p>Der Pr\u00e4sident l\u00e4dt die Mitglieder, mit schriftlicher mindestens 20-t\u00e4giger Voranzeige und unter Be\u00adkanntgabe der Traktanden, zur Generalversammlung ein.<\/p>\n<p><u>Art. 15<\/u><\/p>\n<p>Ausserordentliche Versammlungen kann der Vorstand nach Bedarf einberufen. Sol\u00adche k\u00f6nnen auch von mindestens einem Drittel der Mitglieder verlangt werden.<\/p>\n<p><u>Art. 16<\/u><\/p>\n<p>Bei Abstimmungen und Wahlen entscheidet das einfache Mehr der anwesenden Mitglieder. Bei Stimmengleichheit hat der Pr\u00e4sident den Stichentscheid. F\u00fcr die Be\u00adschlussfassung \u00fcber die Aufl\u00f6sung des Clubs ist eine Mehrheit von Dreivierteln aller Stimmberechtigten erforderlich. Vor der Einberufung der Generalversammlung mit dem Ziel, die Aufl\u00f6sung des Clubs zu beschlies\u00adsen, ist der Vorstand des Sportclubs der Z\u00fcrcher Kantonalbank beizuziehen.<\/p>\n<p><u>Art. 17<\/u><\/p>\n<p>Bei Statuten\u00e4nderungen ist die Zustimmung des Vorstandes des Sportclubs der Z\u00fcr\u00adcher<\/p>\n<p>Kantonalbank erforderlich.<\/p>\n<p><u>b) Vorstand<\/u><\/p>\n<p><u>Art. 18<\/u><\/p>\n<p>Der Vorstand besteht aus:<\/p>\n<ul>\n<li>Pr\u00e4sident<\/li>\n<li>Vizepr\u00e4sident<\/li>\n<li>Kassier<\/li>\n<li>Aktuar<\/li>\n<\/ul>\n<p>Der Vorstand kann wenn n\u00f6tig an jeder Generalversammlung erweitert werden. Die Amtsdauer des Vorstandes betr\u00e4gt zwei Jahre. Eine Wiederwahl ist zul\u00e4ssig. Der Pr\u00e4sident wird einzeln, die \u00fcbrigen Vorstandsmitglieder gesamthaft gew\u00e4hlt. Dem Vorstand steht das Recht zu, sich bei Austritten w\u00e4hrend der Amtsdauer selbst zu erg\u00e4nzen. Die derart Neugew\u00e4hlten sind durch die n\u00e4chste Generalversammlung zu best\u00e4tigen. Im \u00dcbrigen konstituiert er sich selbst.<\/p>\n<p>Der Pr\u00e4sident f\u00fchrt zusammen mit einem weiteren Mitglied des Vorstandes rechts\u00adverbindliche Kollektivunterschrift. Bei Abwesenheit des Pr\u00e4sidenten zeichnen je zwei der \u00fcbrigen Vorstandsmitglieder kollektiv.<\/p>\n<p><u>c) Rechnungsrevisoren<\/u><\/p>\n<p><u>Art. 19<\/u><\/p>\n<p>Die Generalversammlung w\u00e4hlt zwei Rechnungsrevisoren und einen Ersatzrevisor bis auf weite\u00adres. Mindestens zwei Rechnungsrevisoren pr\u00fcfen die Jahresrechnung und erstatten der Gene\u00adralversammlung schriftlich Bericht.<\/p>\n<p><u><b>V. Finanzen<\/b><\/u><\/p>\n<p><u>Art. 20<\/u><\/p>\n<p>Der Club finanziert sich durch Mitgliederbeitr\u00e4ge, welche j\u00e4hrlich von der Generalversammlung festgesetzt werden.<\/p>\n<p><u>Art. 21<\/u><\/p>\n<p>F\u00fcr die Verbindlichkeiten des Clubs haftet nur das Clubverm\u00f6gen. Die pers\u00f6nliche Haftung der Mitglieder und Organe ist ausgeschlossen. Im Falle der Aufl\u00f6sung des Clubs kommt bez\u00fcglich des Clubverm\u00f6gens Art. 7 der Statuten des Sportclubs der Z\u00fcrcher Kantonalbank zur Anwendung.<\/p>\n<p><u><b>VI. Schlussbestimmungen<\/b><\/u><\/p>\n<p><u>Art. 22<\/u><\/p>\n<p>S\u00e4mtliche bei der Bank fest angestellten Personen mit einem Arbeitspensum von mindestens 8 Stunden pro Woche sind im Rahmen der Unfallversicherung (UVG) mit Zusatzversicherung bei der Swica gegen Nichtbetriebsunf\u00e4lle versichert. Alle ande\u00adren Teilnehmer an Veranstaltungen des Clubs haben f\u00fcr eine gen\u00fcgende Un\u00adfallversicherung selbst besorgt zu sein. Der Club lehnt diesbez\u00fcglich jede Haftung ab.<\/p>\n<p><u>Art. 23<\/u><\/p>\n<p>Diese Statuten ersetzen diejenigen vom 23.04.2004 und wurden am 21.11.2014 in Kraft gesetzt. Das Einverst\u00e4ndnis des Vorstandes wurde anl\u00e4sslich der Vorstandssitzung vom 20.11.2014 unter Anwesenheit aller Vorstandsmitglieder eingeholt.<\/p>\n<p>&nbsp;<\/p>\n<p><a href=\"https:\/\/zkbsportclub.ch\/sportundfreizeitwinterthur\/wp-content\/uploads\/sites\/39\/2018\/10\/Statuten-21.11.2014.pdf\">Statuten (pdf)<\/a><\/p>\n","protected":false},"excerpt":{"rendered":"<p>I. Name, Sitz und Zweck Art. 1 Unter dem Namen &#8222;Sport- und Freizeitclub Winterthur, eine Sektion des Sportclubs Z\u00fcrcher Kantonalbank&#8220; (nachstehend Club ge\u00adnannt) besteht in Winterthur eine selbst\u00e4ndige Sektion des Sportclubs der Z\u00fcrcher Kantonalbank mit Sitz bei der Z\u00fcrcher Kantonalbank, Bahnhofstrasse 9, 8001 Z\u00fcrich. Art. 2 Der Club bezweckt die Pflege und F\u00f6rderung der sportlichen [&hellip;]<\/p>\n","protected":false},"author":27,"featured_media":0,"parent":0,"menu_order":0,"comment_status":"closed","ping_status":"closed","template":"sektion.php","meta":{"footnotes":""},"class_list":["post-160","page","type-page","status-publish","hentry"],"_links":{"self":[{"href":"https:\/\/zkbsportclub.ch\/sportundfreizeitwinterthur\/wp-json\/wp\/v2\/pages\/160","targetHints":{"allow":["GET"]}}],"collection":[{"href":"https:\/\/zkbsportclub.ch\/sportundfreizeitwinterthur\/wp-json\/wp\/v2\/pages"}],"about":[{"href":"https:\/\/zkbsportclub.ch\/sportundfreizeitwinterthur\/wp-json\/wp\/v2\/types\/page"}],"author":[{"embeddable":true,"href":"https:\/\/zkbsportclub.ch\/sportundfreizeitwinterthur\/wp-json\/wp\/v2\/users\/27"}],"replies":[{"embeddable":true,"href":"https:\/\/zkbsportclub.ch\/sportundfreizeitwinterthur\/wp-json\/wp\/v2\/comments?post=160"}],"version-history":[{"count":11,"href":"https:\/\/zkbsportclub.ch\/sportundfreizeitwinterthur\/wp-json\/wp\/v2\/pages\/160\/revisions"}],"predecessor-version":[{"id":199,"href":"https:\/\/zkbsportclub.ch\/sportundfreizeitwinterthur\/wp-json\/wp\/v2\/pages\/160\/revisions\/199"}],"wp:attachment":[{"href":"https:\/\/zkbsportclub.ch\/sportundfreizeitwinterthur\/wp-json\/wp\/v2\/media?parent=160"}],"curies":[{"name":"wp","href":"https:\/\/api.w.org\/{rel}","templated":true}]}}