{"id":426,"date":"2015-05-13T22:22:12","date_gmt":"2015-05-13T22:22:12","guid":{"rendered":"https:\/\/zkbsportclub.ch\/schiessen\/?page_id=426"},"modified":"2021-11-21T12:53:06","modified_gmt":"2021-11-21T11:53:06","slug":"links-4","status":"publish","type":"page","link":"https:\/\/zkbsportclub.ch\/schiessen\/links-4\/","title":{"rendered":"Links"},"content":{"rendered":"<p><a href=\"http:\/\/www.truttmann.ch\">Truttmann Schiessbekleidung, Kriens<\/a><\/p>\n<p><a href=\"http:\/\/www.sportschuetzen-aussersihl.ch\/\">Sportsch\u00fctzen Aussersihl<\/a><\/p>\n<p><a href=\"http:\/\/www.swissgun.ch\/\">B\u00fcchsenmacherei Odermatt &amp; Ruoss<\/a><\/p>\n<p><a href=\"http:\/\/www.gruenel.ch\/home\/\">Waffengesch\u00e4ft Gr\u00fcnig+Elmiger<\/a><\/p>\n\n\n<p><\/p>\n","protected":false},"excerpt":{"rendered":"<p>Truttmann Schiessbekleidung, Kriens Sportsch\u00fctzen Aussersihl B\u00fcchsenmacherei Odermatt &amp; Ruoss Waffengesch\u00e4ft Gr\u00fcnig+Elmiger<\/p>\n","protected":false},"author":11,"featured_media":0,"parent":0,"menu_order":0,"comment_status":"open","ping_status":"closed","template":"sektion.php","meta":{"footnotes":""},"class_list":["post-426","page","type-page","status-publish","hentry"],"_links":{"self":[{"href":"https:\/\/zkbsportclub.ch\/schiessen\/wp-json\/wp\/v2\/pages\/426","targetHints":{"allow":["GET"]}}],"collection":[{"href":"https:\/\/zkbsportclub.ch\/schiessen\/wp-json\/wp\/v2\/pages"}],"about":[{"href":"https:\/\/zkbsportclub.ch\/schiessen\/wp-json\/wp\/v2\/types\/page"}],"author":[{"embeddable":true,"href":"https:\/\/zkbsportclub.ch\/schiessen\/wp-json\/wp\/v2\/users\/11"}],"replies":[{"embeddable":true,"href":"https:\/\/zkbsportclub.ch\/schiessen\/wp-json\/wp\/v2\/comments?post=426"}],"version-history":[{"count":5,"href":"https:\/\/zkbsportclub.ch\/schiessen\/wp-json\/wp\/v2\/pages\/426\/revisions"}],"predecessor-version":[{"id":1669,"href":"https:\/\/zkbsportclub.ch\/schiessen\/wp-json\/wp\/v2\/pages\/426\/revisions\/1669"}],"wp:attachment":[{"href":"https:\/\/zkbsportclub.ch\/schiessen\/wp-json\/wp\/v2\/media?parent=426"}],"curies":[{"name":"wp","href":"https:\/\/api.w.org\/{rel}","templated":true}]}}