{"id":384,"date":"2015-05-12T11:37:26","date_gmt":"2015-05-12T09:37:26","guid":{"rendered":"https:\/\/zkbsportclub.ch\/schiessen\/?page_id=384"},"modified":"2024-12-05T10:39:07","modified_gmt":"2024-12-05T09:39:07","slug":"jahresmeisterschaft-gewehr-2021","status":"publish","type":"page","link":"https:\/\/zkbsportclub.ch\/schiessen\/jahresmeisterschaft-gewehr-2021\/","title":{"rendered":"Ranglisten Gewehr 2024"},"content":{"rendered":"<p><a href=\"https:\/\/zkbsportclub.ch\/schiessen\/wp-content\/uploads\/sites\/37\/2024\/06\/2024_Volksschiessen_Rangliste_20240606.pdf\">Volksschiessen Meilen 2024<\/a><\/p>\n<p><a href=\"https:\/\/zkbsportclub.ch\/schiessen\/wp-content\/uploads\/sites\/37\/2024\/08\/Rangliste-Freundschaftsschiessen-BJB-ZKB-2024.pdf\">Freundschaftsschiessen BJB-ZKB<\/a><\/p>\n<p><a href=\"https:\/\/zkbsportclub.ch\/schiessen\/wp-content\/uploads\/sites\/37\/2024\/04\/Eroeffnungsschiessen-2024.pdf\">Er\u00f6ffnungsschiessen 2024<\/a><\/p>\n<p><a href=\"https:\/\/zkbsportclub.ch\/schiessen\/wp-content\/uploads\/sites\/37\/2024\/12\/Vereinsmeisterschaft-2024.pdf\">Vereinsmeisterschaft 2024<\/a><\/p>\n<p><a href=\"https:\/\/zkbsportclub.ch\/schiessen\/wp-content\/uploads\/sites\/37\/2024\/12\/Jahresmeisterschaft-2024.pdf\">Jahresmeisterschaft<\/a><\/p>\n<p><a href=\"https:\/\/zkbsportclub.ch\/schiessen\/wp-content\/uploads\/sites\/37\/2024\/12\/Fruehlingsstich-2024.pdf\">Fr\u00fchlingsstich<\/a><\/p>\n<p><a href=\"https:\/\/zkbsportclub.ch\/schiessen\/wp-content\/uploads\/sites\/37\/2024\/12\/Tandem-Stich-2024.pdf\">Tandem-Stich<\/a><\/p>\n<p><a href=\"https:\/\/zkbsportclub.ch\/schiessen\/wp-content\/uploads\/sites\/37\/2024\/12\/Ueberraschungsstich-2024.pdf\">\u00dcberraschungsstich<\/a><\/p>\n<p><a href=\"https:\/\/zkbsportclub.ch\/schiessen\/wp-content\/uploads\/sites\/37\/2024\/12\/Herbststich-2024.pdf\">Herbststich<\/a><\/p>\n<p><a href=\"https:\/\/zkbsportclub.ch\/schiessen\/wp-content\/uploads\/sites\/37\/2024\/12\/Fleischstich-2024.pdf\">Fleischstich<\/a><\/p>\n<p><a href=\"https:\/\/zkbsportclub.ch\/schiessen\/wp-content\/uploads\/sites\/37\/2024\/12\/Endschiessen-2024.pdf\">Endschiessen<\/a><\/p>\n\n\n<p><\/p>\n","protected":false},"excerpt":{"rendered":"<p>Volksschiessen Meilen 2024 Freundschaftsschiessen BJB-ZKB Er\u00f6ffnungsschiessen 2024 Vereinsmeisterschaft 2024 Jahresmeisterschaft Fr\u00fchlingsstich Tandem-Stich \u00dcberraschungsstich Herbststich Fleischstich Endschiessen<\/p>\n","protected":false},"author":11,"featured_media":0,"parent":0,"menu_order":0,"comment_status":"open","ping_status":"closed","template":"sektion.php","meta":{"footnotes":""},"class_list":["post-384","page","type-page","status-publish","hentry"],"_links":{"self":[{"href":"https:\/\/zkbsportclub.ch\/schiessen\/wp-json\/wp\/v2\/pages\/384","targetHints":{"allow":["GET"]}}],"collection":[{"href":"https:\/\/zkbsportclub.ch\/schiessen\/wp-json\/wp\/v2\/pages"}],"about":[{"href":"https:\/\/zkbsportclub.ch\/schiessen\/wp-json\/wp\/v2\/types\/page"}],"author":[{"embeddable":true,"href":"https:\/\/zkbsportclub.ch\/schiessen\/wp-json\/wp\/v2\/users\/11"}],"replies":[{"embeddable":true,"href":"https:\/\/zkbsportclub.ch\/schiessen\/wp-json\/wp\/v2\/comments?post=384"}],"version-history":[{"count":40,"href":"https:\/\/zkbsportclub.ch\/schiessen\/wp-json\/wp\/v2\/pages\/384\/revisions"}],"predecessor-version":[{"id":2158,"href":"https:\/\/zkbsportclub.ch\/schiessen\/wp-json\/wp\/v2\/pages\/384\/revisions\/2158"}],"wp:attachment":[{"href":"https:\/\/zkbsportclub.ch\/schiessen\/wp-json\/wp\/v2\/media?parent=384"}],"curies":[{"name":"wp","href":"https:\/\/api.w.org\/{rel}","templated":true}]}}