{"id":249,"date":"2022-07-19T03:07:27","date_gmt":"2022-07-19T01:07:27","guid":{"rendered":"https:\/\/zkbsportclub.ch\/schach\/?page_id=249"},"modified":"2025-01-26T20:33:40","modified_gmt":"2025-01-26T19:33:40","slug":"vorstand","status":"publish","type":"page","link":"https:\/\/zkbsportclub.ch\/schach\/vorstand\/","title":{"rendered":"Vorstand"},"content":{"rendered":"\n<figure class=\"wp-block-table is-style-stripes\"><table class=\"has-fixed-layout\"><thead><tr><th>Funktion<\/th><th>Name<\/th><\/tr><\/thead><tbody><tr><td>Pr\u00e4sident und Internetauftritt<\/td><td>Pascal Honegger<\/td><\/tr><tr><td>Vize-Pr\u00e4sident<\/td><td>Thomas L\u00f6ffler<\/td><\/tr><tr><td>Spielleiter<\/td><td>Bruno Haas<\/td><\/tr><tr><td>Vorstandsmitglied<\/td><td>Marc Honegger<\/td><\/tr><tr><td>Kassier<\/td><td>Marco Ruckstuhl<\/td><\/tr><\/tbody><\/table><\/figure>\n","protected":false},"excerpt":{"rendered":"<p>Funktion Name Pr\u00e4sident und Internetauftritt Pascal Honegger Vize-Pr\u00e4sident Thomas L\u00f6ffler Spielleiter Bruno Haas Vorstandsmitglied Marc Honegger Kassier Marco Ruckstuhl<\/p>\n","protected":false},"author":40,"featured_media":0,"parent":0,"menu_order":2,"comment_status":"closed","ping_status":"closed","template":"sektion.php","meta":{"footnotes":""},"class_list":["post-249","page","type-page","status-publish","hentry"],"_links":{"self":[{"href":"https:\/\/zkbsportclub.ch\/schach\/wp-json\/wp\/v2\/pages\/249","targetHints":{"allow":["GET"]}}],"collection":[{"href":"https:\/\/zkbsportclub.ch\/schach\/wp-json\/wp\/v2\/pages"}],"about":[{"href":"https:\/\/zkbsportclub.ch\/schach\/wp-json\/wp\/v2\/types\/page"}],"author":[{"embeddable":true,"href":"https:\/\/zkbsportclub.ch\/schach\/wp-json\/wp\/v2\/users\/40"}],"replies":[{"embeddable":true,"href":"https:\/\/zkbsportclub.ch\/schach\/wp-json\/wp\/v2\/comments?post=249"}],"version-history":[{"count":9,"href":"https:\/\/zkbsportclub.ch\/schach\/wp-json\/wp\/v2\/pages\/249\/revisions"}],"predecessor-version":[{"id":484,"href":"https:\/\/zkbsportclub.ch\/schach\/wp-json\/wp\/v2\/pages\/249\/revisions\/484"}],"wp:attachment":[{"href":"https:\/\/zkbsportclub.ch\/schach\/wp-json\/wp\/v2\/media?parent=249"}],"curies":[{"name":"wp","href":"https:\/\/api.w.org\/{rel}","templated":true}]}}