{"id":3,"date":"2013-11-18T15:17:44","date_gmt":"2013-11-18T15:17:44","guid":{"rendered":"https:\/\/zkbsportclub.chfussball\/?page_id=3"},"modified":"2018-10-02T07:04:30","modified_gmt":"2018-10-02T07:04:30","slug":"home","status":"publish","type":"page","link":"https:\/\/zkbsportclub.ch\/fussball\/","title":{"rendered":"Home"},"content":{"rendered":"<p>Wir sind die Fussballsektion des Sportclubs der Z\u00fcrcher Kantonalbank. Wir sind als Verein organisiert und pflegen den Fussballsport sowie die Kameradschaft.<\/p>\n<p>Wir stellen drei Mannschaften. 2 Mannschaften nehmen an der j\u00e4hrlichen Firmenmeisterschaft und am Firmencup teil. Eine Mannschaft spielt die FVRZ-Meisterschaft der Senioren 50+ 7er Fussball.<\/p>\n<p>Je nach Mannschaft trainieren wir ein- bis zweimal in der Woche auf dem Fussballplatz der Sportanlage Sonnenberg. W\u00e4hrend der Meisterschaft vom Juli bis November und M\u00e4rz bis Juni findet in der Regel pro Mannschaft ein Spiel pro Woche statt. W\u00e4hrend der Vorbereitung k\u00f6nnen es auch einmal zwei Spiele pro Woche sein.<\/p>\n<p>Neben dem Fussballplatz treffen wir uns an der Generalversammlung, am Chlausabend, am Gr\u00fcmpelturnier sowie an weiteren Anl\u00e4ssen.<\/p>\n<p>Wenn Du Freude am Fussballspiel und an der Kameradschaft hast dann melde dich bei Hugo Winet hugo.winet@zkb.ch oder Michael Friederich michael.friederich@zkb.ch<\/p>\n","protected":false},"excerpt":{"rendered":"<p>Wir sind die Fussballsektion des Sportclubs der Z\u00fcrcher Kantonalbank. Wir sind als Verein organisiert und pflegen den Fussballsport sowie die Kameradschaft. Wir stellen drei Mannschaften. 2 Mannschaften nehmen an der j\u00e4hrlichen Firmenmeisterschaft und am Firmencup teil. Eine Mannschaft spielt die FVRZ-Meisterschaft der Senioren 50+ 7er Fussball. Je nach Mannschaft trainieren wir ein- bis zweimal in [&hellip;]<\/p>\n","protected":false},"author":1,"featured_media":207,"parent":0,"menu_order":0,"comment_status":"closed","ping_status":"closed","template":"sektion.php","meta":{"footnotes":""},"class_list":["post-3","page","type-page","status-publish","has-post-thumbnail","hentry"],"_links":{"self":[{"href":"https:\/\/zkbsportclub.ch\/fussball\/wp-json\/wp\/v2\/pages\/3","targetHints":{"allow":["GET"]}}],"collection":[{"href":"https:\/\/zkbsportclub.ch\/fussball\/wp-json\/wp\/v2\/pages"}],"about":[{"href":"https:\/\/zkbsportclub.ch\/fussball\/wp-json\/wp\/v2\/types\/page"}],"author":[{"embeddable":true,"href":"https:\/\/zkbsportclub.ch\/fussball\/wp-json\/wp\/v2\/users\/1"}],"replies":[{"embeddable":true,"href":"https:\/\/zkbsportclub.ch\/fussball\/wp-json\/wp\/v2\/comments?post=3"}],"version-history":[{"count":8,"href":"https:\/\/zkbsportclub.ch\/fussball\/wp-json\/wp\/v2\/pages\/3\/revisions"}],"predecessor-version":[{"id":237,"href":"https:\/\/zkbsportclub.ch\/fussball\/wp-json\/wp\/v2\/pages\/3\/revisions\/237"}],"wp:featuredmedia":[{"embeddable":true,"href":"https:\/\/zkbsportclub.ch\/fussball\/wp-json\/wp\/v2\/media\/207"}],"wp:attachment":[{"href":"https:\/\/zkbsportclub.ch\/fussball\/wp-json\/wp\/v2\/media?parent=3"}],"curies":[{"name":"wp","href":"https:\/\/api.w.org\/{rel}","templated":true}]}}